+ -12 + -16 - -3.
-13
Calculate -1 + 5 + 0 - (24 - 25).
5
0 - 0 - -6 - (-228 - -226)
8
What is 5 + -10 - -12 - 6 - (-2 - 1)?
4
Calculate (-10 - (2 - 7)) + (4 - -3).
2
Calculate 2 + 10 - (82 + -79).
9
Evaluate 20 + (-1 - 21) - (-7 + 2).
3
What is -8 + (24 - (9 + -6 - 3))?
16
Calculate 17 - 0 - (-2 - (-13 + 5 + 1)).
12
What is 0 - -15 - (-452 + 477) - 5?
-15
Calculate 41 + -43 + (-1 - 8) + 25.
14
-20 - (0 - (-18 + 21 - (-2 - 1)))
-14
Calculate (0 - 7) + (-3 - 0) - (-345 - -335).
0
What is -6 + (3 - 6 - (-8 + 5))?
-6
Calculate 2 + (-1 - -20 - 17) - 33.
-29
Calculate 2 + -13 + (-6 - -9).
-8
What is (19 - -15) + (19 - 33) - (-1 - 0)?
21
Calculate (-5 - 32) + 27 - (1 - 0).
-11
-2 - -2 - -4 - ((-1 - 9) + 3)
11
Evaluate -24 - (-30 + 2 + 22).
-18
What is -10 + 11 - (-6 + 4 + 4 - 3)?
2
Evaluate 7 + (-7 - -6) + (-1 + 3 - 5).
3
Calculate (9 - (-2 - 4)) + (-2 - -6).
19
What is -30 - -2 - (-33 + 8)?
-3
(35 - 42) + -11 + -5
-23
(-21 - (-18 - -8)) + (0 + 3 - -5)
-3
What is the value of 161 - 162 - (1 - -11) - -12?
-1
-8 + 53 + -10 + -24
11
Calculate 2 + -11 + 10 - -6.
7
1 + -1 + -3 + -15 + (13 - 6)
-11
Evaluate -3 - -2 - 17 - -11.
-7
What is the value of 0 + -12 - (-26 + (-25 - -58))?
-19
Evaluate (-1 + -2 - 0 - -12) + 5 - 6.
8
What is the value of (-6 - (-6 + 8)) + 9 - (0 + 12)?
-11
(5 - (-7 - -9)) + -7 + 13
9
Evaluate -31 - (-7 - (11 - 12 - -7)).
-18
-8 + 12 - (-4 + -4 + 16)
-4
What is the value of 18 + -43 + 14 + 9?
-2
What is (184 - 166) + 2 + -1 + -4?
15
Evaluate -1 - -5 - (5 + 11).
-12
Evaluate -18 + 4 + (-32 - -41).
-5
-9 + (7 - 4 - 1 - 1) + 0
-8
Evaluate 2 - 4 - (-11 - -11).
-2
What is -10 - -17 - (-2 + (16 - 4))?
-3
-1 - ((14 - -11) + -11 + 2 + -8)
-9
Calculate 5 + (-18 - ((6 - 4) + -8) - 5).
-12
What is (9 - (-3 + 21 + 1)) + 2?
-8
What is the value of (81 - 79) + 0 + (0 - 14) + 0?
-12
What is 31 + 1 - (-197 - -214)?
15
What is the value of (11 + -35 - 6) + 16?
-14
What is 14 + 11 + -18 + (1 - 11)?
-3
Evaluate 2 - (-13 - (-8 + -5)).
2
Calculate 13 + (-6 - (-14 + 14)) + 8.
15
What is the value of 21 + 25 + -15 - 47?
-16
What is -3 - -1 - (2 - (1 - (-2 + 8)))?
-9
What is 9 - 26 - (-114 - -108)?
-11
What is -262 - -261 - (-1 - 12 - 0)?
12
What is (-5 - (-9 - (-14 + 4))) + -7 + 0?
-13
What is (-14 - -4) + (-13 - (-8 + 9)) - 6?
-30
4 + (0 - 1) - (-51 + 28 + 9)
17
(-21 - -11 - -1) + 23
14
Evaluate -1 + 7 + -8 + 16 + (2 - 3).
13
Calculate 156 - 173 - (-25 + -1).
9
What is the value of 5 + -6 - (16 + (-33 - (10 - 17)))?
9
Evaluate -8 + (-8 - -32) + (-6 - -3).
13
What is the value of -82 + 69 + (1 - -15)?
3
Calculate -6 - (-10 - ((-11 - -8) + 6)).
7
What is the value of -2 - 2 - (17 - (-25 - -45))?
-1
Evaluate 2 - (-5 - (-22 + 1 - -1) - 9).
-4
Calculate 12 - 14 - -4 - (2 + -7).
7
What is the value of (21 - (10 - -2) - 8) + -18?
-17
(-5 - 6) + (6 + -12 - 1)
-18
Evaluate (-9 - -19) + (-55 - -51 - (18 + -2)).
-10
-20 - (-49 + 7) - 13
9
(10 - (13 + -17) - (1 - -5)) + -14
-6
Evaluate 10 - (12 - (17 - 2)).
13
Calculate -26 - ((-8 - -6) + -5 + -2).
-17
Calculate -4 - (-21 - -21 - (2 + 4)).
2
Evaluate 9 + (0 - 12) - -10 - (0 - -8).
-1
Evaluate -122 + 126 + (0 - -2 - 5).
1
8 + -26 + 16 - (-3 + -12)
13
What is the value of -66 - -46 - (1 + -12)?
-9
Evaluate -3 + 4 + (11 - (-1 - -9)) + -12.
-8
Calculate (2 + (5 - 11) - (-8 - 3)) + 4.
11
Evaluate (2 - -11) + (-22 - -25).
16
43 - 19 - (-6 + 9 + -1)
22
What is 1 - (1 + (-3 - -8) - (2 - -8))?
5
Calculate -2 - (18 + -37 + 7 + 19).
-9
Calculate 1 - (-6 - (1 - (6 + -2))).
4
Evaluate -15 - ((11 - -1) + -2 - 12).
-13
What is 11 + 6 + (0 - (-7 - (-7 + -7)))?
10
Evaluate -1 + -3 + (-3 - (-9 + 2)).
0
What is the value of -6 + 7 + -2 + -4 + -5 + 6?
-4
What is 43 - (42 - (-38 + 35))?
-2
What is the value of (5 - 12) + (-5 + 13 - 1) + -7?
-7
What is 6 + 0 + 10 + -16 + 11?
11
Calculate 15 + (13 + -41 - -13).
0
Evaluate 5 + 3 + (124 - 138).
-6
Calculate -9 + (-14 - (-20 + 6 + (16 - 8))).
-17
Calculate 16 + 3 + 11 + -7 + -5.
18
What is the value of (-2 - 19) + 162 + -126?
15
-6 - (26 + -40 - (-7 + -6))
-5
What is 5 - (-1 + 0 - (-19 + 3 + 4))?
-6
Evaluate (-2 - 4) + (2 - (-1 - -2)) + -6.
-11
(0 - (4 - 8)) + 7 - -10
21
18 - ((1 - (4 - 19)) + 17)
-15
Calculate -14 - -8 - (-36 - -24).
6
Calculate (-7 - -55) + -55 + (10 - (2 - 1)).
2
35 + -1 - 39 - (-7 + 0)
2
Evaluate 29 + 1 - (3016 + -3002).
16
-10 + 10 + -9 + 14 - -1
6
Evaluate 6 + (9 - 7) - (-10 - -22).
-4
What is 51 + -45 - (1 - -33)?
-28
What is the value of 3 + -4 + 1 + -3 + (-6 - 0)?
-9
What is -3 + (4 - -1) + (55 - 53)?
4
Evaluate 1 + 6 + (-20 - (-16 + -14)).
17
Evaluate (0 - 34) + (38 + 1 - 26).
-21
Calculate 14 - (30 + -19) - (8 - -3).
-8
Calculate (9 - -5 - 6) + -4.
4
What is the value of 10 - (-4 + (5 - 7))?
16
Calculate (0 - 4) + 2 + 2 - (-2 - -8).
-6
What is 7 + -5 + -3 + -1 + 8?
6
-12 + (-5 - (-9 - -2)) - 4
-14
What is the value of 8 + (21 - 14) + -14?
1
(-14 - -1) + 10 + -2
-5
(93 - 94) + -3 + 0 + -9
-13
What is 0 - 10 - (20 + 0 + -28 + 4)?
-6
Calculate -9 + -29 + 27 + 6.
-5
What is the value of 1 + -28 + (2 - -2 - -6)?
-17
Calculate (77 - 31) + 32 + -46.
32
Calculate 4 + -5 + (2 - -10) + (1 - -1).
13
What is the value of 3 + 0 + 0 + 25 + -50 + 9?
-13
Evaluate 16 + (0 + -6 + 9 - (4 - 3)).
18
Evaluate 13 - (7 - (-8 - -16)).
14
What is the value of -10 - (-3 + -23 + 41)?
-25
What is 15 - (-5 - -30) - -1?
-9
What is 2 + -2 - ((12 - -1) + (278 - 290))?
-1
What is (-12 - -20 - 16) + 35 + -1 + 3?
29
4 + (24 - 11) + 5
22
Calculate 3 + (-4 + -35 - -8).
-28
What is -22 + (-13 - -47) - 9?
3
What is 54 + -75 + (11 - 3)?
-13
3 + -14 - -16 - (-3 - -10)
-2
20 - (23 - 21) - 32
-14
What is the value of -5 + (71 - (14 - -2)) + -17?
33
Evaluate 8 - (9 + -1) - -5 - (1 - 2).
6
What is the value of -2 - ((-3 - (-1 + -2)) + 9)?
-11
Evaluate 15 - (-3 - -11 - -14).
-7
(-484 - -485) + (0 + -5 - (0 - 2))
-2
Evaluate -5 + (-12 + 6 - (-8 - -6)).
-9
-16 + -41 + 49 - (2 - 1)
-9
What is the value of 7 - -1 - ((-14 - -14) + -11 + -2)?
21
(9 - (2 - (-1 + 20))) + 1
27
What is the value of 22 - (37 + -35) - (-4 + 3)?
21
Calculate -6 - ((6 - 13) + 10 + -2).
-7
-13 - (-2 + 3) - (306 + -313)
-7
0 + -1 + ((3 - 17) + -8 - -20)
-3
(-43 - (-17 + 15) - -10) + (-1 - 0)
-32
What is -6 + (7 - -2) + 7?
10
What is the value of 4 - (-14 - (-12 - (-11 - -3)))?
14
(5 - (10 + -4) - -5) + (-15 - 4)
-15
What is (3 - 1) + -8 + 22 + -11 + -5?
0
What is the value of (0 - -11) + (2 - 8 - -10)?
15
What is 36 - 10 - 17 - 32?
-23
5 + -11 - (-17 + 1 + 3)
7
Evaluate (-19 - -18) + 6 + -4 + -9.
-8
What is 5 + (-17 - (-26 + 13))?
1
What is 2 + 2 - 2 - (-40 - -55) - -2?
-11
What is the value of -158 - -152 - (-32 - 1)?
27
Calculate 66 + -69 + -10 + 2.
-11
Calculate (-8 + 15 - 3) + 1 + 1 + -12.
-6
-14 - -1 - 8 - -9
-12
What is the value of (-10 - (-10 - 1)) + (7 - 4 - -1)?
5
Calculate (1 - 26) + -474 + 519.
20
1 - 3 - (-2 + -4) - (-7 - -25)
-14
What is 2 + -2 - (2 - (0 + -3 - -20))?
15
What is the value of 37 - 47 - (-3 - 3) - (1 - -2)?
-7
10 + -1 + (-17 - -22) + -16
-2
What is the value of 12 - (9 + 5) - 10?
-12
Evaluate -18 - ((4 - (-6 + 8)) + -1 - -11).
-30
-16 + -22 - (13 - 52)
1
What is -18 - (-4 - (7 + (-20 - -12)))?
-15
What is the value of 8 + -8 - (-4 + 14)?
-10
Evaluate (1 - (20 - -3)) + (-163 - -159).
-26
Calculate 12 + 78 + -89 + -16 + 0.
-15
Evaluate -36 + (32 - (0 + 0)).
-4
Evaluate -8 - ((48 - 13) + 2 + 0 + -14).
-31
What is the value of -5 - (-14 + 19 + -9)?
-1
Evaluate 4 - (10 + -19 + 7).
6
What is (-73 - -110) + (-66 - 1)?
-30
Calculate 27 + 9 + (-2 - 4) - (-4 + 3).
31
What is the value of (-3 + 5 - (0 - -1)) + (-410 - -419)?
10
3 + (-4 - -2) - (-13 - -4 - -4)
6
What is (33 - 31) + -3 + (-1 - 10)?
-12
Calculate (26 - (-6 + 22) - 34) + 1.
-23
11 + 0 - (-31 + 45)
-3
What is the value of (-8 - (-2 + -1)) + (3 + -21 - -13)?
-10
What is the value of (0 - 11) + (-15 + 7 - -1)?
-18
What is the value of -12 + (-1 - -4) + -5 + (-39 - -47)?
-6
Calculate 0 + -6 + (1 - -5) + 6 + -1.
5
Calculate (0 - 2 - 8) + (-71 - -75).
-6
What is the value of (-323 - -324) + (0 - 17)?
-16
What is -22 - (-7 - (7 + -3 - 4 - 1))?
-16
What is the value of (-3 - (-4 + (4 - 3))) + (30 - 28)?
2
What is the value of 2 + -4 - -2 - 4?
-4
What is the value of -23 + (-20 - -29) + 6?
-8
Evaluate 15 + -18 + -16 + 17.
-2
Calculate -76 + 71 - (7 + 3 + -3).
-12
1 